f l(n)?
9
Suppose 0 = h, 5*h = 4*m + m - 1725. Suppose m = 5*c + p, 7 - 2 = -p. What is the units digit of c?
0
What is the tens digit of (-336)/(-6)*17/2?
7
Suppose -25*x = -14065 + 615. What is the tens digit of x?
3
Let o = -926 + 1723. Suppose o = 5*a - 253. What is the tens digit of -2 - (a - -2)/(-4)?
5
Suppose -4*u - 3*n = -2*n + 4, -3*u + 20 = -5*n. Suppose u = 3*s - 9 - 9. What is the units digit of 24/5*45/s?
6
Suppose -28 = -3*w - 4*u, -w - 2*u = -4*w + 4. Suppose 0 + w = 2*x. Suppose -x*q - 6 = -40. What is the tens digit of q?
1
Suppose 462*f = 460*f + 1242. What is the tens digit of f?
2
Suppose -y + 1 + 87 = 0. Let z = -50 - y. What is the tens digit of ((-5)/(-10))/((-3)/z)?
2
Let j = -97 + 52. Let q be 7/(14/144) - -2. Let s = j + q. What is the tens digit of s?
2
Let o be ((-22)/(-33))/(1/171). Suppose 12*a - 15*a + o = 0. What is the units digit of a?
8
What is the units digit of (5584/(-12))/((-2)/3) + -6?
2
Let h be -18*((3 - 6)/9 - 11). Let q = h - 49. What is the units digit of q?
5
Let s = -1044 - -2493. What is the units digit of s?
9
Let t be 15/10 - (-611)/(-2). What is the tens digit of t/(-10)*(-55)/(-22)?
7
Let u(v) = 14*v**2 + 3*v - 54. What is the units digit of u(9)?
7
Let a(m) = 21*m**2 - 11*m + 105. What is the tens digit of a(10)?
9
Let t = -46 + 49. Suppose 2*g + 296 = 5*z, g = 2*g + t. What is the tens digit of z?
5
Suppose 0 = -22*g + 31757 - 10593. What is the hundreds digit of g?
9
Let y(g) = 40*g - 48. What is the hundreds digit of y(28)?
0
Suppose -b + 3*i = -1838, 5*b - 3*i = 6700 + 2442. What is the units digit of b?
6
Suppose -137 = 2*w + 5*r, 4*r + 87 + 213 = -5*w. Let p = w + 109. Suppose -3*g + p + 49 = 0. What is the tens digit of g?
3
Suppose -16*a = -22*a + 2694. What is the units digit of a?
9
Let v = 9 - -23. What is the units digit of 54/(-12)*v/(-6)?
4
Let i = -15 + 15. Suppose 4*c - 5 - 31 = i. What is the units digit of c?
9
Suppose -33*r = -28804 + 523. What is the hundreds digit of r?
8
Let m(t) = t**3 - 11*t**2 + 14*t - 5. Let p be m(9). Let w(c) = c**3 + 9*c**2 + 5*c - 2. Let q be w(-6). Let i = q + p. What is the units digit of i?
5
Suppose k - 1029 = -3*d, -k + 638 = -2*d - 406. What is the hundreds digit of k?
0
Let n(a) = -36*a + 14. Let g be (-15)/5 + -4 + 4. What is the tens digit of n(g)?
2
Let n(t) = -t**2 + 10*t + 6. Let b be n(10). Let p = b + -1. Suppose 318 - 73 = p*s. What is the units digit of s?
9
Let j(d) = -4*d + 2*d**3 - 2 + 4*d - 6*d - 3*d**2. Let g(r) = 5*r**3 - 9*r**2 - 17*r - 6. Let t(q) = 4*g(q) - 11*j(q). What is the units digit of t(-2)?
6
Let i be -38*(36/(-8) - -3). What is the tens digit of i + -3 + 2 + -2?
5
Let u(a) = a**2 + 10*a. Let z be u(-10). Suppose z = -3*r + 23 + 31. What is the units digit of r?
8
Suppose 161 = 7*c - 4662. What is the units digit of c?
9
Let m = -42 + 44. What is the tens digit of (185/(-5))/(m/(-6))?
1
Let c be 315/(-6)*((-32)/12)/2. Suppose 5*k - c = -5. What is the units digit of k?
3
Let c(h) = h**2 - 4*h + 3. Let g be c(-4). Let p = 177 - g. What is the units digit of p?
2
Let c(u) = -349*u - 161. What is the tens digit of c(-3)?
8
Suppose -2*w + 23 = -17. Suppose -2*p + 3 = r - 17, 2*p - r = w. Let z = 25 - p. What is the units digit of z?
5
Let g be ((-452)/14)/((-7)/49). Let c = 385 - g. What is the tens digit of c?
5
Suppose 1476 = -340*q + 343*q. What is the units digit of q?
2
What is the units digit of 2396/1 + 11/(55/20)?
0
Suppose -k - 80 = l, 4*k + 402 = -2*l - 3*l. What is the units digit of 1/(39/l - 5/(-10))?
1
Let j(z) = 2*z + 2. Let b be j(0). Suppose b*q - 31 - 57 = 0. What is the units digit of q?
4
Suppose -2*z = -0*z. Suppose z = -2*m - 0*m + 8. Suppose 3*n + x + 3*x = 58, 30 = n - m*x. What is the tens digit of n?
2
Suppose 0 = -39*q + 33*q + 174. Let n be (-21)/(((-4)/(-2))/2). Let b = n + q. What is the units digit of b?
8
Let n = -9 - -8. Let i be n/4 + (-18)/(-8). What is the units digit of i/(-5) - (-312)/30?
0
Let m be 48/16 - (-2)/(-2). Let l be (-23)/(-7) + m/(-7). Suppose -l*z = -44 - 58. What is the units digit of z?
4
Suppose 0 = 4*f - 8, -f = -4*g + 2*g - 22. What is the units digit of (-128)/80*g/4?
4
Let z(w) = -9*w - 6. Let o be z(-4). Let l be (42/(-4))/((-3)/2). What is the units digit of 8/(-28) + o/l?
4
Suppose -2*n - 12*n = -8050. Suppose n - 123 = 4*y. What is the tens digit of y?
1
Let t(u) be the third derivative of u**6/120 - u**5/30 + u**4/8 - u**3/2 + u**2. Suppose -2*f - 4*o + 1 = 9, 2*o + 28 = 5*f. What is the units digit of t(f)?
1
What is the thousands digit of (2/(-14)*-707)/((-2)/(-82))?
4
Let w = 1023 + 150. Suppose -12*p + 687 = -w. What is the tens digit of p?
5
Let t be (180/50)/((-1)/30). Let y = t - -226. What is the tens digit of y?
1
Suppose 2*j - 129 = -5*y, 4 + 15 = y - 3*j. Let k = -22 + y. What is the units digit of k?
3
Suppose 0 = -5*b - 8 - 17. Let o(y) = y**3 - 4*y - 2. Let v(d) = -d**3 + d**2 + 4*d + 1. Let p(n) = -5*o(n) - 4*v(n). What is the tens digit of p(b)?
1
Let h = 56 + 18. Let w = h - 0. Let f = w + -9. What is the tens digit of f?
6
Let f = 9226 - 6408. What is the thousands digit of f?
2
Let p(j) = 8*j. Let m be p(-1). Let w = 93 + m. What is the units digit of w?
5
Suppose 1 + 1 = 2*b. Let p be (b*(-11 - 2))/(-1). Let u = 31 - p. What is the tens digit of u?
1
Let y = 19 + -14. Suppose 807 = y*k + 7. Suppose 2*c + 3*c = k. What is the tens digit of c?
3
What is the hundreds digit of (-9)/6*(-3432)/18?
2
What is the units digit of (4 - (9 + -7)) + 343?
5
Suppose 7*h - 82418 = -22*h. What is the tens digit of h?
4
Let r(z) = -212*z + 846. What is the thousands digit of r(-6)?
2
Suppose 0 = 5*m + 4*d - 2673, -2*m + 341 + 723 = -d. What is the hundreds digit of m?
5
Suppose 2*b + b - 5 = -2*z, 0 = -3*b - 15. Suppose z*i = -171 + 681. What is the units digit of i?
1
What is the hundreds digit of (-1 + (-910)/6)*3/(-2)?
2
Let r(y) = 163*y - 40. What is the units digit of r(5)?
5
Let i = 12 - 12. Let q(k) = -k**3 - k + 3. Let l be q(i). Suppose 0*h = -l*h + 81. What is the tens digit of h?
2
Let w(o) = o**3 - 8*o**2 + 2*o + 16. Let f = 17 + -9. What is the units digit of w(f)?
2
Suppose -204 - 303 = 4*q + 3*n, -4*n - 635 = 5*q. Let w = -51 - q. Suppose 0 = -0*f - 4*f + w. What is the tens digit of f?
1
Let a be 350/(-8) + (-16)/64. Let b be 1 + -4 - a/4. Suppose -4*p + 4 = -b. What is the units digit of p?
3
Suppose 4*r - k - 1680 = 0, 0 = -4*r - 4*k - 318 + 1998. What is the tens digit of r?
2
Let f(g) = -g + 3. Let a be f(-3). Suppose k = a + 9. What is the tens digit of (0 + k/(-10))*-12?
1
Let s(t) = t**3 + 3*t**2 - 7*t + 11. Let g be s(-6). Let h = 16 - g. What is the units digit of h?
1
Let a = -23 + 26. Let z be 2*((-14)/(-4) - -1). Suppose -a*s - z = -4*s. What is the units digit of s?
9
Let i(n) = -n**3 + 4*n**2 - 4*n + 2. Let a be i(2). Suppose -3*g + g = 3*b - 140, -5*g - a*b = -339. What is the tens digit of g?
6
Let n = -25 + 30. Suppose -33 = -n*m + 2. What is the units digit of m?
7
Suppose 4*p - a = 928, -a + 232 = -5*p + 6*p. What is the tens digit of p?
3
Let z(s) be the third derivative of -287*s**4/24 - s**3/6 + s**2 + 17*s. What is the units digit of z(-1)?
6
Suppose -7448 - 15289 = -13*l. What is the thousands digit of l?
1
What is the units digit of (-4)/4*1941*(-1 + 0)?
1
Let d(q) = 3*q**2 - 46*q - 93. What is the tens digit of d(43)?
7
Let o be 3/(-3) - -1 - 12. Let i(q) = q**2 + 11*q + 3. Let g be i(o). Suppose 3*p + 2*p = 0, 0 = 5*m + 2*p - g. What is the units digit of m?
3
Suppose 8*v + 14 + 10 = 0. What is the tens digit of (185/v*-3)/1?
8
Let d be 628/(-6) + (-6)/(-9). Let s = 41 - d. What is the hundreds digit of s?
1
Suppose -4*d - 5*d + 19611 = 0. Suppose 13*j = -346 + d. What is the tens digit of j?
4
What is the units digit of (-4564)/(-12) + (-6)/(-9)?
1
Suppose -2*u - 1140 = 4*t + 2*u, -1 = -u. Let l = -94 - t. What is the tens digit of l?
9
Let b(q) = q - 3*q - 8 - q - 8*q. Let l(j) = -j. Let y(p) = b(p) - 4*l(p). What is the tens digit of y(-6)?
3
Let v(d) = -d**3 + 13*d**2 - d - 8. What is the hundreds digit of v(-10)?
3
Let r(u) = 2*u**3 + 56*u**2 + 32*u + 12. What is the units digit of r(-27)?
6
Let m(s) = s**3 + 5*s**2 - 14*s. Let y be m(-7). Suppose 2*b - 468 = -4*z, z - 6 + 8 = y. What is the tens di